 6. What is the remainder when l(-11) is divided by 14?
10
Let m = -5 - -3. Calculate the remainder when (2/13 + 490/26)/1 is divided by 9 - (2 - (5 + m)).
9
Let v be (-2)/(-11) + 1866/22. Let r = v - 15. What is the remainder when r is divided by 18?
16
Suppose 5*z - 2*k + 10 = 3*k, 4*z = k - 17. Let b be (-1)/z - (-168)/10. Let n = 28 - b. What is the remainder when n is divided by 6?
5
Let d(z) = -z**3 + 7*z**2 - 9*z - 4. Let c = 4 - 3. Calculate the remainder when c is divided by d(5).
0
Let c = 0 - -2. Suppose -c*z - 3 = -3*z. What is the remainder when 8 is divided by z?
2
Suppose -3*g + 36 = 3*g. What is the remainder when 27 is divided by g?
3
Let j be (34/3)/(16/24). Let s = -7 + j. Calculate the remainder when 18 is divided by s.
8
Let j = 45 - 31. Calculate the remainder when 67 is divided by j.
11
Let m = 23 - 17. Suppose 0 = -3*z - 3*x + 18, m*z - 4*x + 16 = 2*z. Calculate the remainder when z is divided by 1.
0
Let u(g) = -4*g - 5. What is the remainder when 159 is divided by u(-8)?
24
What is the remainder when 31 + ((-4)/8)/(2/4) is divided by 12?
6
Suppose 0 = -3*a - 4*i + 214, 3*a - 112 = a + 5*i. Let c = a + -35. What is the remainder when c is divided by 8?
7
Let h(j) = 2*j - 4. Let x be (-1)/((-3)/12 - 0). Calculate the remainder when (-1 - 5/(-3))*9 is divided by h(x).
2
Suppose 0*y - 260 = -4*y. Let p = -35 + y. Calculate the remainder when p is divided by 8.
6
Let g = -38 - -64. What is the remainder when 57/(-2)*(-8)/3 is divided by g?
24
Calculate the remainder when 1045/11 + (0 - 5) is divided by 19.
14
Suppose -24*z + 30*z = 138. What is the remainder when 159 is divided by z?
21
Suppose -5*u + 0*u = -35. Suppose 2 = x - u. What is the remainder when 15 is divided by x?
6
Let n = 11 + 30. What is the remainder when 79 is divided by n?
38
Let j(s) = s + 7. Let z be j(-3). Suppose k - z*g - 38 = 0, 0 = -2*g - 0*g. What is the remainder when k is divided by 20?
18
Let h(z) be the third derivative of -z**4/2 - z**3/2 + z**2. Calculate the remainder when h(-4) is divided by (6*8 - 2)*7/14.
22
Let z(h) = 5*h + 1. Let k be (-6*1)/((-6)/20). Let u = k + -9. What is the remainder when u is divided by z(1)?
5
Let g(m) be the second derivative of 4*m**3/3 + 2*m**2 + m. What is the remainder when 77 is divided by g(2)?
17
Let c = 16 + -23. Let z(s) = -5*s - 7. What is the remainder when z(c) is divided by 15?
13
Suppose -2*m - 2*m = 28. Let k(f) = -f**3 - 8*f**2 - 10*f + 1. Calculate the remainder when k(m) is divided by 12.
10
Suppose 4*m - 3*b = -6*b + 67, 3*b = -2*m + 35. Let j(t) = 5*t + 1. Let c be (2/(-3))/((-4)/6). What is the remainder when m is divided by j(c)?
4
Let j = 63 + -24. Let l = 16 + -22. Let a(o) = -3*o - 4. What is the remainder when j is divided by a(l)?
11
Suppose -3*d - g + 13 = 0, d + 5*g + 9 = -10. Suppose -a = -d*a + 45. What is the remainder when 15 is divided by a?
6
Let o = -1 + 3. Let q(k) = k**3 - 4*k**2 - 5*k**2 + 13*k**2 + 2 + 9*k**2. What is the remainder when o is divided by q(-13)?
0
Let c = 2 - 6. Let n = c - -34. Calculate the remainder when n is divided by 11.
8
Suppose -5*u = 5*g, 8 = 5*g + 6*u - 3*u. Suppose 0 = g*z - 61 + 13. What is the remainder when z is divided by 7?
5
Suppose r + 229 = 5*u, 0 = -5*u + 4*r - r + 227. What is the remainder when u is divided by 17?
12
Suppose 204 = 3*v - 5*y, -5*y - 69 = -v - 3*y. Suppose h + 25 = v. What is the remainder when h is divided by 40/1*2/4?
18
Suppose -5 = -5*q + 10. Calculate the remainder when 9 is divided by q.
0
Suppose -3*y - 5*v = -0*y + 65, 4*y + 3*v + 105 = 0. Let l be 1941/45 - (-4)/y. Suppose 3*d + 4 - l = 0. What is the remainder when 23 is divided by d?
10
Let d be 24/(-14) - (-4)/(-14). Let p(w) = 3*w**2 - 1. Calculate the remainder when 20 is divided by p(d).
9
Let h = 64 - 17. Calculate the remainder when h is divided by 10.
7
Let s(p) = -p**2 - 5*p - 4. Let i be s(-3). Suppose 5*n + 4*l - i*l = 2, 4*l + 16 = 0. Suppose -g = n*g - 36. Calculate the remainder when 46 is divided by g.
10
Suppose 6*f - 50 - 40 = 0. What is the remainder when f is divided by 12?
3
What is the remainder when 68 is divided by (2 - 15/10)*28?
12
Let s be (-1 + (-2)/(-6))*3. Calculate the remainder when (-2)/s + 6 + 11 is divided by 7.
4
Suppose b = 3*u - 4*u + 7, -b - 5 = 0. Let d = u - 8. Suppose -d*m = -32 - 56. Calculate the remainder when 43 is divided by m.
21
Let u = -133 - -147. What is the remainder when 41 is divided by u?
13
Let s(h) = 14*h**2 - h - 2. Let b be s(2). Suppose -2*c + 2*w + b = 2*c, 41 = 3*c - 2*w. Calculate the remainder when 32 is divided by c.
10
Let u(o) = -7*o + 75. What is the remainder when 52 is divided by u(8)?
14
Let q = 1 + 4. Let n(y) = -4*y + 7*y + 3*y**2 - 2*y**2 + q. Calculate the remainder when 27 is divided by n(-5).
12
Let y(b) = -b**3 - 8*b**2 - 10*b. What is the remainder when y(-7) is divided by 12?
9
Let l(x) = -57*x + 27*x + 27*x - 23. Calculate the remainder when 109 is divided by l(-17).
25
Let f(w) be the third derivative of w**6/120 + w**5/15 + w**4/8 + w**3/6 - 3*w**2. Calculate the remainder when f(-3) is divided by 1.
0
Suppose -n + 16 = 3*l, n + 2*n + 3*l = 18. Calculate the remainder when (1 + -2)*n + 5 is divided by 3.
1
Let w(k) = -5*k - 4. Let t(s) = s**3 + s**2 + 6. Calculate the remainder when w(-4) is divided by t(0).
4
Let t = 2 - -2. Suppose 2*z - t*z = -4, 0 = 5*d - 4*z + 18. What is the remainder when 53 is divided by (14/(-5))/(d/10)?
11
Suppose -5 = 5*a + 5. Let j(w) = -3*w - 3. Let g be j(a). Calculate the remainder when 28 is divided by g/9 + 44/3.
13
Suppose s = 4*x - 53, 0 = -3*x + 3*s + 2 + 49. Let r = 22 - x. Calculate the remainder when 28 is divided by r.
8
Suppose -3*y + 0*v - v = -373, -5*y = -3*v - 645. Calculate the remainder when y is divided by (2/(-3))/((-2)/96).
30
Let w = -64 + 69. What is the remainder when ((-24)/9)/((-2)/6) is divided by w?
3
Let l = 5 + -6. Suppose 28 = -4*u - 28. Calculate the remainder when 19 is divided by (-8)/12*(u + l).
9
Let h = -16 + 15. What is the remainder when 1 - h - (-1 - 4) is divided by (-2 - -1)/(2/(-6))?
1
Suppose -q = -2*q - 5*v - 5, 5*q = -2*v + 21. Let r(m) = -m**3 - 3*m**2 - m - 1. Calculate the remainder when q is divided by r(-3).
1
Suppose 680 = 5*q + 40. Calculate the remainder when q is divided by 43.
42
Suppose 5*p = -u - u - 49, -4*u + 5*p - 53 = 0. Suppose t + 10 = -20. Let a = u - t. Calculate the remainder when 38 is divided by a.
12
Let s(y) = 2*y**2 - 5*y - 2. Let z be s(-3). Let i = 119 - z. Calculate the remainder when i is divided by 30.
28
Suppose 3*j = z - 26, -5*j - 44 = -2*z + 3. Let o(l) = -4*l + 8. Let x(f) = -f + 3. Let n(q) = z*x(q) - 4*o(q). What is the remainder when n(2) is divided by 4?
3
Suppose 11*i - 12*i = -28. Suppose 5*j = 5*o - 295, -29 = -3*o + j + 140. Calculate the remainder when o is divided by i.
27
Suppose -4*q + 2*h + 10 = -q, -2*q = -4*h - 12. Suppose l - 4 = -3*a + 5*l, a = 3*l - q. What is the remainder when 11 is divided by a?
3
Let r = 6 - -4. Suppose 0 = -35*g + 30*g + 75. What is the remainder when g is divided by r?
5
Suppose 3*s + 4*t = 18, -s + t = -5*s + 11. Let z = 2 - -2. Suppose -j - j + z = 0. What is the remainder when s is divided by j?
0
Let d = -26 - -35. What is the remainder when d is divided by 6?
3
Let q = -1 + 7. Suppose 7*a + 3*y = 5*a + 39, -5*a + 2*y = -107. What is the remainder when a is divided by q?
3
Let y = 5 - -3. Let v = 4 + y. What is the remainder when 35 is divided by v?
11
Suppose 0 = 3*i + 2*i. Let n = 4 + i. What is the remainder when 7 is divided by n?
3
Suppose -7*w + 44 = -3*w. Let p(b) = 3*b + 1. Let m be p(4). Suppose 0 = c - 7 - m. Calculate the remainder when c is divided by w.
9
Let b(j) = 2*j**2 + 7*j - 6. Calculate the remainder when 93 is divided by b(-6).
21
Let b(k) = -k**2 + 3*k - 2. Let l be b(2). Suppose l*i - 5 = -i. Suppose y + 17 = 2*y. What is the remainder when y is divided by i?
2
Suppose -v = 2*v - 42. Suppose 0 = -2*r - 0 - 24. What is the remainder when v is divided by (-3)/r + 19/4?
4
Let o be (-58)/7 + (-16)/(-56). Let h(y) = -3*y + 9. Let s(i) = i**2 + 2*i - 7. Calculate the remainder when h(o) is divided by s(-6).
16
Let k(s) = s**3 + s**2 + s + 41. Let b be k(0). Let u = b + -29. Calculate the remainder whe